t common factor of 209 and h.
11
Suppose c + 12 = 4. Let l be 1/2*4*(-4)/c. Calculate the greatest common factor of l and 3.
1
Let s be (0 + ((-2352)/(-30))/2)*30. Calculate the greatest common divisor of 24 and s.
24
Let m be (-4 + (-13)/(-3))*-9. Let l(u) = 2*u**2 + 4*u. Let s be l(m). What is the highest common divisor of 6 and s?
6
Suppose 89 = 4*z - u, -10*u + 100 = 5*z - 15*u. What is the highest common divisor of 299 and z?
23
Suppose 0 = -4*w - w - 25, -5*w + 27 = 4*i. Let r = 2254 + -2137. Calculate the greatest common divisor of r and i.
13
Suppose 4 = -6*q + 4*q. Let m(o) = 18*o**2 - 5*o - 5. Let z be m(q). What is the greatest common factor of 7 and z?
7
Let w = 16 + -2. Let h be 52/2 - (-17 + (8 - -7)). Calculate the highest common divisor of w and h.
14
Let m(i) = i**3 + 8*i**2 - 11*i + 4. Let v be m(-7). Let g = 134 + v. What is the greatest common divisor of g and 24?
24
Let w be 612/30 + 62/(-155). What is the highest common divisor of 820 and w?
20
Suppose 747*p = 761*p - 4032. What is the greatest common divisor of p and 81?
9
Let t = -48 - -9. Let g = t + 81. What is the highest common factor of g and 28?
14
Let c be (-8)/((2/(-4))/1). Let k be 0*(-4)/(-3 - 1). Suppose 4*d + k*d - 5*s - 463 = 0, 4*d - 451 = s. Calculate the greatest common divisor of d and c.
16
Suppose -5*v + 5*f = 15, 0 = 5*v + 2*f - 6*f + 10. Let z(b) = 17*b**2 - 7 - 2*b + 1 - 16*b**2. Let y be z(4). What is the highest common factor of y and v?
2
Suppose -3*l + 3*b = -13 - 53, 3*b + 92 = 4*l. Let p = 224 + -146. Calculate the highest common divisor of p and l.
26
Suppose 3*w - 11*w + 240 = 0. Suppose 0 = -3*q + 5*o - 7, -3*q - 7 = o - w. Let y = -18 - -48. Calculate the greatest common factor of y and q.
6
Let m be 2/12*2*(-47 + 101). Calculate the highest common divisor of m and 63.
9
Suppose -6*b + b = l - 116, 0 = b + 4*l - 46. Suppose -5*z + g = -11, -3*z - z + 12 = -4*g. Calculate the highest common factor of z and b.
2
Suppose -4*h + 70 = -66. Let n = -396 + 413. Calculate the highest common divisor of h and n.
17
Let b(p) = -p**3 - 7*p**2 - 8*p - 44. Let d be b(-7). What is the highest common factor of 66 and d?
6
Let a(w) = w**2 - 24*w - 67. Let o be a(28). Calculate the greatest common factor of 75 and o.
15
Let p be 301/13 + 42/(-273). Suppose -4*b = w + 3, 2*b - b - 2*w - 6 = 0. Suppose b = 4*l - l - 345. Calculate the highest common divisor of l and p.
23
Suppose 0 = -6*u + 5*u + 185. Let d = u - 113. Calculate the greatest common factor of d and 9.
9
Let o = -12 + 19. Suppose 44*t + 7 = 45*t. Suppose 3*q - 56 - t = 0. Calculate the greatest common divisor of o and q.
7
Let b be (6 + 1)/((-12)/12) - -8. Calculate the greatest common divisor of 257 and b.
1
Suppose -5957 = -13*k - 10*k. Calculate the highest common factor of 37 and k.
37
Let k be 5/(2 + -12)*-8. Suppose 2*j - 218 = -j - 2*h, -k*h = 2*j - 156. What is the greatest common factor of j and 10?
10
Suppose -2*f + 10*u - 14*u = -1820, -3*f + 2722 = 4*u. What is the greatest common factor of 82 and f?
82
Suppose -6 - 4 = -2*l. Suppose 3*w + 0*i + i - 11 = 0, l*w + 4*i - 30 = 0. What is the highest common divisor of 2 and w?
2
Let m = -15 + 27. Suppose 0 = 4*g + 3 - 15. Suppose g*r - 2*j + 3*j - 14 = 0, -10 = -r - 3*j. Calculate the highest common divisor of r and m.
4
Suppose 0 = -0*k - k - 5*f + 34, -4*k + 51 = 3*f. Let w = k + 11. Let m(v) = -v**2 + 8*v - 2. Let u be m(7). What is the highest common factor of u and w?
5
Let v(z) = z**3 - 10*z**2 + 8*z + 11. Let o be v(9). Let s(m) = o - 4 - m + 4*m + 8*m. Let w be s(2). Calculate the greatest common factor of 5 and w.
5
Suppose -c = 4*d - 51, -2*c - 4*d = -2*d - 84. Let k(r) = 16*r - 95. Let x be k(10). What is the greatest common divisor of c and x?
13
Suppose 0 = -z - 4*r - 2, -4*z = 5*r + 8 - 33. Let f = 72 - 70. Calculate the greatest common factor of f and z.
2
Let h be 1 + (-12)/10 + (-330)/(-25). What is the highest common factor of h and 169?
13
Suppose 3*o - 3*g + 244 - 70 = 0, 2*g = 10. Let h = o + 65. Calculate the greatest common divisor of h and 96.
12
Suppose -4*o + 223 = -n + 11, 3*o - 3*n - 168 = 0. What is the highest common divisor of o and 4576?
52
Let v(y) = 4*y - 2. Let f be v(4). Let d be ((0/2)/(-3))/1. Suppose -3*h + q = -45, d*h = -5*h + 5*q + 85. Calculate the greatest common divisor of f and h.
14
Suppose 7*i = 15 - 1. Suppose 2*z - 24 - 20 = -4*x, -4*z = i*x - 28. Calculate the highest common factor of x and 70.
10
Suppose 720 = 3*b + 2*b. Let o be (-79)/(-10) + 1 + (-225)/(-2250). Calculate the greatest common factor of b and o.
9
Suppose -3*p + 0*p = -750. Suppose -p = 11*d - 16*d. What is the greatest common divisor of d and 125?
25
Let s(l) = 11*l + 441. Let a be s(0). Calculate the greatest common divisor of a and 9.
9
Let t(x) = x**2 - 13*x + 39. Let g be t(10). Calculate the highest common divisor of g and 333.
9
Suppose 0 = -h - a + 3, 0 = -4*h - 2*a - a + 10. Let o be h + 24 + (1 - 2). Calculate the highest common divisor of o and 120.
24
Let v be -1 - (-131 + (-25)/5). What is the greatest common divisor of 165 and v?
15
Let a = -5 - -11. Suppose 3*x = -4*u + 6, 0*u = -2*x - 4*u. What is the greatest common factor of x and a?
6
Suppose 15 = -3*l + s - 4*s, -s + 7 = -l. Suppose 2*i + 8 = -0. Let a be 41 + l*2/i. Calculate the greatest common divisor of 11 and a.
11
Let n(j) = 10*j**3 + 2*j**2 + 2. Let g be n(2). What is the highest common divisor of g and 252?
18
Let l = -4 + 28. Let h = 0 + -2. Let i be h/(3/(270/(-3))). Calculate the highest common divisor of i and l.
12
Suppose -3*f = -27 - 0. Let n = 10 - 1. Suppose -n*o - 3 = -12*o. What is the greatest common divisor of f and o?
1
Let d be (-15)/1*-30 - 10. Calculate the greatest common divisor of 120 and d.
40
Let t = 177 - 136. Calculate the highest common factor of t and 41.
41
Let f be 8/(-60) - 1052/(-15). Suppose 0*n + 3*n + f = -2*p, -n - 2*p - 30 = 0. Let q be (32/n)/(2/(-15)). What is the greatest common factor of q and 60?
12
Let g = 37 + -23. Suppose 358*k + 1680 = 373*k. What is the greatest common factor of g and k?
14
Let g(t) be the third derivative of t**4/24 + 59*t**3/6 + 3*t**2. Let w be g(-17). Calculate the highest common factor of w and 21.
21
Suppose -5*j - 18 = -y + 8, 5*j = -y + 6. Calculate the highest common factor of 56 and y.
8
Let q = -1720 - -523. Let i be q/(-15) - (-1)/5. Calculate the greatest common factor of i and 16.
16
Let i(k) = -58*k - 13 + k**2 + 107*k - 7 - 67*k. Let n be i(20). Calculate the highest common factor of n and 30.
10
Let l be ((-4)/(-2) - (-21)/(-7))*-230. What is the greatest common factor of l and 69?
23
Let h(n) = -5*n**2 + 2*n - 2. Let w be h(6). Let d = w + 242. Let m be 12/15 - (-216)/30. Calculate the highest common divisor of m and d.
8
Let y be (-12)/9*21/(-2). Let c be (-5)/(-35) + 1118/y. Suppose -3*q - b = -47, 2*b - 79 = -5*q + b. What is the greatest common factor of q and c?
16
Let o be (30/(-20))/(2/(-872)). Suppose 0 = 4*h - o - 46. Calculate the highest common factor of h and 35.
35
Let l(g) be the second derivative of 21*g**4/4 + g**2/2 + 2*g. Let y be l(1). Suppose 0 = 3*q - 44 - y. Calculate the greatest common factor of 24 and q.
12
Suppose -25*x - 49 = -174. What is the highest common factor of 45 and x?
5
Let u(x) = -14*x + 169. Let f be u(6). Let g be 3/9*(12 - -3). What is the highest common factor of g and f?
5
Suppose 7*f = 8*f + 2*a - 438, -5*f + 4*a + 2120 = 0. What is the highest common factor of 4 and f?
4
Let u be 14*(-3)/6 + 117. Calculate the greatest common factor of u and 44.
22
Let y be -2 - ((-2842)/42 - 4/(-6)). Let k = 9 + -8. Let t be 10/k + (-4 - -7). What is the highest common divisor of t and y?
13
Let b(d) = 6*d**2 + 20*d + 57. Let h be b(-3). Calculate the highest common divisor of 255 and h.
51
Let v be (-14)/21 + 199/(-3). Let o = -34 - v. Let f = -15 + o. What is the greatest common divisor of 9 and f?
9
Suppose 94 - 4 = t. Let p = -28 + 56. Let j = -18 + p. Calculate the highest common divisor of t and j.
10
Let j = -662 + 674. Suppose 0 = -2*y - y + f + 250, -f + 338 = 4*y. Calculate the greatest common factor of y and j.
12
Suppose n = 2*u - 4, 4*n - 3 = 5*u - 7. Suppose 8 = u*h, 2*w + 4*h + 14 = w. Let b = w - -32. What is the g